*i + 11388. Give f(-3).
-12
Let g(w) = 20*w + 357. What is g(-9)?
177
Let j(z) = 2*z**2 - 2*z - 4. Calculate j(-5).
56
Let p(x) = -5*x**3 - 26*x**2 - 71*x - 3. Calculate p(-3).
111
Let c(y) = -2*y**3 - 33*y**2 - 51*y - 87. Calculate c(-15).
3
Let w(g) = -335*g**3 + g**2 - g - 1. Give w(1).
-336
Let y(g) = -3*g**2 - 155*g + 716. Determine y(-56).
-12
Let a(p) = 2*p**3 + 3*p**2 + 10*p - 16. Calculate a(0).
-16
Let s(w) = -4*w**3 + 82*w**2 - 36*w - 62. Give s(20).
18
Let j(l) = l**3 - 33*l**2 - 151*l + 102. Determine j(37).
-9
Let j(v) = -v**2 + 3*v + 34. What is j(-5)?
-6
Let s(z) = -13*z**2 - 157*z + 34. What is s(-10)?
304
Let z(f) = 938*f + 52532. What is z(-56)?
4
Let k(v) = 14*v**2 + 25*v + 23. Determine k(-1).
12
Let h(p) = -15*p - 489. What is h(-23)?
-144
Let y(i) = i**3 + 28*i**2 + 28*i + 100. Determine y(-27).
73
Let l(b) = 79*b + 5072. Give l(-64).
16
Let l(q) = 79*q + 24. Calculate l(3).
261
Let k(b) = 5*b**3 + 20*b**2 + 60*b - 17. Determine k(-5).
-442
Let a(t) = -t**2 - 2697*t + 35261. Determine a(13).
31
Let j(l) = -18*l**2 - 79*l - 420. Determine j(-5).
-475
Let g(q) = 3*q**2 - 30*q + 30. Give g(13).
147
Let r(y) = y**2 + 8*y - 185. Give r(-25).
240
Let y(r) = -101*r - 1707. Determine y(-13).
-394
Let a(h) = -h**3 - 2*h**2 + 28*h + 7. What is a(5)?
-28
Let z(q) = -q**3 - q**2 + 14*q + 73. Determine z(6).
-95
Let s(n) = 8*n**2 + 76*n - 497. Give s(6).
247
Let l(s) = s**3 + 39*s**2 + 29*s - 338. Calculate l(-38).
4
Let f(y) = -y**3 - 13*y**2 + 2*y + 90. What is f(-9)?
-252
Let i(l) = -185*l + 1490. Determine i(8).
10
Let x(i) = 15*i**2 - 157*i + 301. Calculate x(8).
5
Let r(b) = 1197*b + 35916. Give r(-30).
6
Let u(p) = 11*p - 208. What is u(-9)?
-307
Let v(x) = 2*x**2 + 54*x - 183. Give v(3).
-3
Let t(y) = 2*y**2 + 2*y + 31. Give t(-4).
55
Let a(i) = -i**2 - 58*i - 888. Calculate a(-29).
-47
Let w(i) = -97*i - 8346. What is w(-86)?
-4
Let c(o) = o**2 - 275*o + 3496. Give c(13).
90
Let t(u) = u**2 + 7730*u - 38673. What is t(5)?
2
Let q(d) = -d**3 - 7*d**2 + 1395*d - 19. Determine q(34).
15
Let w(x) = -20*x - 28. Determine w(-10).
172
Let t(j) = -2*j**3 - 18*j**2 + 2*j - 67. Calculate t(-10).
113
Let i(j) = -j**2 - 961*j + 4811. Determine i(5).
-19
Let z(h) = -h**2 - 60*h - 535. Determine z(-11).
4
Let f(d) = -304*d + 2736. Give f(9).
0
Let m(i) = -i**3 + 19*i**2 + 47*i - 101. What is m(21)?
4
Let r(j) = 688*j - 1979. Give r(3).
85
Let u(y) = 2*y**3 + 14*y**2 + 34*y + 134. Calculate u(-6).
2
Let h(y) = -y**3 - 5*y**2 + 38*y - 3. Determine h(-9).
-21
Let m(d) = 27*d**2 + 34*d - 73. Determine m(2).
103
Let k(d) = 10626*d + 53071. What is k(-5)?
-59
Let p(z) = -z**3 + 13*z**2 - 11*z - 4. What is p(12)?
8
Let p(l) = -3*l**3 + 8*l**2 + 29*l + 22. Calculate p(-1).
4
Let q(n) = n**3 - 28*n**2 + 171*n + 15. Calculate q(9).
15
Let w(r) = 2*r**3 - 35*r**2 + 50*r - 20. Give w(16).
12
Let n(g) = 90*g**2 - 1533*g + 10. Give n(17).
-41
Let k(y) = 367*y - 748. Determine k(2).
-14
Let b(u) = u**3 - 23*u**2 - 29*u + 688. What is b(23)?
21
Let w(q) = 2536*q - 53221. Determine w(21).
35
Let g(a) = 13*a**2 + 30*a + 47. Determine g(-2).
39
Let u(b) = -b**3 + 43*b**2 + 43*b + 22. Give u(44).
-22
Let m(q) = -q**3 - 20*q**2 + 18*q + 41. Give m(0).
41
Let r(c) = 18*c**2 + 57*c + 6. What is r(-3)?
-3
Let r(c) = 4*c**3 + 73*c**2 - 62*c - 89. Determine r(-19).
6
Let l(q) = -q**3 + 5*q**2 - q + 8. What is l(0)?
8
Let i(q) = q**3 + 28*q**2 - 55*q + 116. Calculate i(-30).
-34
Let l(m) = -3*m**2 + 18*m - 40. Give l(3).
-13
Let d(i) = -2*i**2 - 5*i + 19. What is d(-14)?
-303
Let t(y) = 306*y + 1840. Determine t(-6).
4
Let d(z) = z**3 - 42*z**2 - 54*z + 364. What is d(43)?
-109
Let l(x) = 48*x. Give l(-3).
-144
Let l(z) = -15*z**2 - 48*z - 17. Calculate l(-3).
-8
Let l(c) = 2*c**2 - 85*c - 34. Determine l(43).
9
Let u(v) = 11*v**2 - 1503*v + 2425. Determine u(135).
-5
Let z(a) = -2472*a - 19724. Calculate z(-8).
52
Let b(t) = 14*t + 8. Calculate b(-7).
-90
Let v(m) = 12*m - 138. Give v(9).
-30
Let f(w) = 3*w**3 - 39*w**2 + 10*w - 42. Give f(12).
-354
Let f(d) = -6*d**2 + 90*d + 1080. Determine f(-8).
-24
Let k(q) = -2*q**2 + 81*q - 50. Calculate k(40).
-10
Let g(o) = -2*o**3 + 12*o**2 + o - 25. What is g(6)?
-19
Let j(u) = 2*u**2 + 110*u + 1091. What is j(-13)?
-1
Let p(l) = 320*l - 4152. What is p(13)?
8
Let g(t) = -11*t**2 + 692*t + 39. Calculate g(63).
-24
Let l(t) = -7*t**2 - 4*t - 2. Calculate l(-5).
-157
Let g(y) = -y**3 - 13*y**2 + 26*y - 81. Give g(-15).
-21
Let i(q) = 8*q - 345. What is i(35)?
-65
Let f(s) = -1057*s - 9545. Determine f(-9).
-32
Let x(d) = -14*d**2 - 128*d - 11. Give x(-7).
199
Let l(o) = 7*o**3 + 13*o**2 - o + 5. Determine l(-2).
3
Let v(p) = -p**3 + 6*p**2 - p - 3. What is v(5)?
17
Let p(s) = -2*s**3 - 88*s**2 + 43*s + 5544. Calculate p(-43).
-3
Let q(o) = -147*o - 8857. What is q(-60)?
-37
Let m(l) = 4*l**2 - 12*l + 3. Calculate m(-7).
283
Let b(t) = 4501*t + 40518. Determine b(-9).
9
Let n(m) = 8*m**3 + 48*m**2 - 63*m - 357. Give n(-6).
21
Let s(a) = 54*a - 3017. Give s(56).
7
Let m(d) = 10*d**2 + 155*d + 609. Give m(-8).
9
Let l(y) = y**3 + 26*y**2 + 127*y + 29. Calculate l(-6).
-13
Let d(b) = 84*b + 3516. Give d(-42).
-12
Let j(q) = 14*q + 143. Determine j(-10).
3
Let p(i) = -i**3 + 7*i**2 + 50*i + 67. Give p(12).
-53
Let q(k) = -53*k + 135. Determine q(24).
-1137
Let y(d) = -2*d**2 + 44*d + 39. What is y(19)?
153
Let h(q) = 16*q**2 + 61*q + 120. Determine h(-2).
62
Let x(i) = -3*i**2 + 117*i - 3. Determine x(39).
-3
Let i(f) = -9*f**2 + 68*f + 1464. Determine i(17).
19
Let u(x) = 27*x**2 + 910*x - 172. Calculate u(-34).
100
Let o(y) = 4*y**2 + 31*y - 110. Calculate o(-14).
240
Let h(a) = -18*a**2 - 70*a + 9. What is h(-4)?
1
Let z(i) = 2*i**2 - 6*i + 24. Determine z(17).
500
Let a(u) = 2*u**2 + 21*u - 713. Give a(14).
-27
Let m(w) = 12*w + 965. What is m(-80)?
5
Let m(x) = -2*x**3 + 18*x**2 + 17*x + 2. What is m(10)?
-28
Let s(q) = -q**2 + 222*q - 8287. What is s(47)?
-62
Let d(c) = -39*c + 537. Determine d(13).
30
Let h(d) = 269*d - 48671. Calculate h(181).
18
Let a(w) = 2*w**2 + 14*w - 145. What is a(-13)?
11
Let f(n) = -n**3 - 244*n**2 + 268*n + 5642. Give f(-245).
7
Let c(j) = 2*j**2 - 72*j - 602. Calculate c(43).
0
Let q(w) = -1667*w - 15028. Calculate q(-9).
-25
Let u(s) = -2*s**3 - 8*s**2 - 28*s - 23. Calculate u(-4).
89
Let a(q) = -q**3 + 22*q**2 - 23*q + 44. Give a(21).
2
Let o(u) = -71*u + 162. Calculate o(2).
20
Let c(n) = -42*n + 296. What is c(6)?
44
Let o(z) = -6992*z - 20969. Determine o(-3).
7
Let f(w) = -13*w + 270. Give f(22).
-16
Let t(o) = -14*o + 716. Calculate t(49).
30
Let a(i) = 26*i - 26. What is a(7)?
156
Let a(m) = 12*m**2 - 288*m - 4. Determine a(24).
-4
Let y(c) = -120*c + 1217. Calculate y(10).
17
Let q(t) = 12*t + 73. Determine q(9).
181
Let a(k) = -k**3 - 102*k**2 + 2296*k - 376. Determine a(-121).
-13
Let r(f) = 7*f**2 + 130*f + 99. Determine r(-18).
27
Let r(j) = -42*j**2 - 489*j + 176. Determine r(-12).
-4
Let w(c) = -c**3 - c**2 + 14*c. Give w(-5).
30
Let z(q) = -q**3 + 22*q**2 + 37*q - 48. Give z(23).
274
Let c(m) = -m**3 - 65*m**2 - 872*m + 86. Give c(-46).
-6
Let r(t) = 133*t + 25. What is r(1)?
158
Let q(i) = i**3 - 37*i**2 + 104*i + 157. Calculate q(34).
225
Let m(v) = 253*v**3 - 3*v**2 - 4*v - 2. What is m(-1)?
-254
Let a(s) = 40*s**2 + 239*s. Give a(-6).
6
Let w(b) = 23*b - 156. Calculate w(10).
74
Let q(o) = -2*o**2 - 196*o + 192. Give q(1).
-6
Let o(c) = -359*c + 1395. Give o(4).
-41
Let s(l) = 2*l**2 + 5*l - 25. Give s(-10).
125
Let j(t) = -13*t**2 + 88*t - 189. What is j(2)?
-65
Let v(k) = -k**3 - 26*k**2 + 122*k - 41. What is v(-30)?
-101
Let y(d) = -39*d - 1273. Give y(-32).
-25
Let j(a) = a**3 - 14*a**2 - 30*a - 36. What is j(16)?
-4
Let z(s) = -8*s + 110. Give z(7).
54
Let i(h) = 4*h**2 - 44*h - 29. Calculate i(9).
-101
Let z(g) = 2*g**3 - 46*g**2 + g - 4. Determine z(0).
-4
Let t(j) = 2*j**3 + j**2 - 14*j - 42. Give t(-2).
-26
Let a(l) = -l**3 + 12*l**2 - 34*l + 60. What is a(9)?
-3
Let h(w) = -w - 12. Determine h(2).
-14
Let g(z) = -z**2 - 57*z - 62. Give g(-4).
150
Let n(u) = 994*u + 65605. Calculate n(-66).
1
Let n(o) = 2*o**2 - 32*o - 117. Determine n(17).
-83
Let c(y) = 4*y**3 - 164*y**2 + 2*y - 79. Give c(41).
3
Let v(l) = 123*l + 2188. Give v(-18).
-26
Let b(v) = -38*v**